hen 438334 is divided by 515.
69
What is the remainder when 102798237 is divided by 82?
3
What is the remainder when 57897270 is divided by 337?
333
Calculate the remainder when 72230077 is divided by 24076686.
19
Calculate the remainder when 83065 is divided by 1316.
157
What is the remainder when 2129200 is divided by 44?
40
What is the remainder when 101005 is divided by 100559?
446
What is the remainder when 2613658 is divided by 272?
10
Calculate the remainder when 398638184 is divided by 8517.
8516
Calculate the remainder when 46828771 is divided by 18.
7
Calculate the remainder when 49807186 is divided by 35.
16
What is the remainder when 12302437 is divided by 12302384?
53
What is the remainder when 566919 is divided by 283249?
421
What is the remainder when 2000114 is divided by 83338?
2
Calculate the remainder when 270955 is divided by 1173.
1165
What is the remainder when 23753603 is divided by 1399?
1381
What is the remainder when 219384991 is divided by 1698?
1693
Calculate the remainder when 3202746 is divided by 11862.
6
Calculate the remainder when 3185535 is divided by 4551.
4386
Calculate the remainder when 6505058 is divided by 38.
28
Calculate the remainder when 302378 is divided by 140.
118
What is the remainder when 79871374 is divided by 62?
60
What is the remainder when 26423 is divided by 1741?
308
Calculate the remainder when 288337 is divided by 24024.
49
What is the remainder when 22652 is divided by 10685?
1282
What is the remainder when 1398051 is divided by 194?
87
Calculate the remainder when 483233 is divided by 32.
1
Calculate the remainder when 19504721 is divided by 3900925.
96
What is the remainder when 3824048 is divided by 755?
728
Calculate the remainder when 157294 is divided by 1122.
214
What is the remainder when 36855 is divided by 36406?
449
What is the remainder when 32389552 is divided by 6477893?
87
What is the remainder when 11953351 is divided by 442716?
19
Calculate the remainder when 389175 is divided by 77813.
110
What is the remainder when 4061 is divided by 298?
187
Calculate the remainder when 1517416 is divided by 6349.
5
Calculate the remainder when 3900965 is divided by 180.
5
Calculate the remainder when 16774842 is divided by 8387421.
0
What is the remainder when 14769432 is divided by 1245?
1242
What is the remainder when 434235 is divided by 5532?
2739
What is the remainder when 685 is divided by 193?
106
Calculate the remainder when 116729053 is divided by 2879.
2877
What is the remainder when 90092955 is divided by 885?
840
What is the remainder when 21824685 is divided by 681?
678
What is the remainder when 313675 is divided by 16?
11
What is the remainder when 5786281 is divided by 392?
361
Calculate the remainder when 4232608908 is divided by 13490.
13488
Calculate the remainder when 70450 is divided by 3956.
3198
What is the remainder when 22311272 is divided by 35?
32
Calculate the remainder when 3321069 is divided by 183.
168
What is the remainder when 2941801 is divided by 2655?
61
Calculate the remainder when 356241 is divided by 245.
11
Calculate the remainder when 19059318 is divided by 28.
26
Calculate the remainder when 7191581 is divided by 914.
229
Calculate the remainder when 5674990 is divided by 21.
13
What is the remainder when 25693545 is divided by 66?
9
What is the remainder when 155104751 is divided by 140?
11
Calculate the remainder when 271961059 is divided by 73.
70
What is the remainder when 82978115 is divided by 81?
14
Calculate the remainder when 4378 is divided by 3944.
434
What is the remainder when 1034231024 is divided by 6725?
6724
Calculate the remainder when 57843175 is divided by 32.
7
Calculate the remainder when 2131987 is divided by 393.
355
What is the remainder when 3567894 is divided by 175?
169
Calculate the remainder when 41528736 is divided by 145.
11
What is the remainder when 6403556 is divided by 2134505?
41
What is the remainder when 1693522 is divided by 361?
71
What is the remainder when 399420 is divided by 1560?
60
What is the remainder when 121024 is divided by 153?
1
Calculate the remainder when 335244 is divided by 166791.
1662
Calculate the remainder when 99978 is divided by 111.
78
Calculate the remainder when 83732 is divided by 8782.
4694
What is the remainder when 3692189 is divided by 31?
27
What is the remainder when 185694 is divided by 224?
222
Calculate the remainder when 73128 is divided by 14131.
2473
What is the remainder when 10726563 is divided by 24?
3
Calculate the remainder when 1514971 is divided by 504930.
181
What is the remainder when 82146 is divided by 40838?
470
What is the remainder when 151412 is divided by 766?
510
What is the remainder when 57541783 is divided by 90?
13
Calculate the remainder when 980411 is divided by 26.
3
Calculate the remainder when 898341928 is divided by 895.
893
Calculate the remainder when 474431 is divided by 19755.
311
What is the remainder when 15991099 is divided by 100?
99
Calculate the remainder when 43330 is divided by 798.
238
What is the remainder when 77651 is divided by 194?
51
Calculate the remainder when 1296952 is divided by 5400.
952
Calculate the remainder when 19182583 is divided by 64806.
7
What is the remainder when 700515 is divided by 6867?
81
What is the remainder when 14555801 is divided by 99019?
8
What is the remainder when 664084 is divided by 1416?
1396
What is the remainder when 170044985 is divided by 776461?
26
What is the remainder when 34649784 is divided by 116?
4
Calculate the remainder when 239060 is divided by 289.
57
Calculate the remainder when 1154353 is divided by 614.
33
Calculate the remainder when 2659160 is divided by 26860.
20
What is the remainder when 475983 is divided by 20680?
343
Calculate the remainder when 48374 is divided by 15567.
1673
What is the remainder when 2933085 is divided by 68?
41
Calculate the remainder when 867624 is divided by 1094.
82
What is the remainder when 104952952 is divided by 7809?
7801
Calculate the remainder when 73500025 is divided by 267.
265
Calculate the remainder when 184774 is divided by 8578.
4636
Calculate the remainder when 1575173 is divided by 1882.
1821
Calculate the remainder when 1592217 is divided by 326.
33
What is the remainder when 516257 is divided by 1221?
995
Calculate the remainder when 319686 is divided by 5508.
222
What is the remainder when 115539 is divided by 10394?
1205
Calculate the remainder when 5724305 is divided by 8006.
15
What is the remainder when 107310 is divided by 28?
14
What is the remainder when 206165 is divided by 139?
28
What is the remainder when 2559464 is divided by 1990?
324
Calculate the remainder when 7054231 is divided by 23.
16
What is the remainder when 4102051 is divided by 1025497?
63
What is the remainder when 1979745 is divided by 34?
27
What is the remainder when 91532309 is divided by 16537?
14
Calculate the remainder when 2589900 is divided by 863257.
129
What is the remainder when 51619 is divided by 391?
7
What is the remainder when 8328086 is divided by 501?
464
Calculate the remainder when 182792 is divided by 36351.
1037
Calculate the remainder when 29320 is divided by 7266.
256
What is the remainder when 28240436 is divided by 627565?
11
Calculate the remainder when 10841 is divided by 2644.
265
What is the remainder when 1068786 is divided by 14?
12
What is the remainder when 20512 is divided by 7570?
5372
Calculate the remainder when 528848 is divided by 1419.
980
What is the remainder when 42958761 is divided by 3108?
3093
Calculate the remainder when 4210072 is divided by 13365.
97
Calculate the remainder when 198955 is divided by 1931.
62
Calculate the remainder when 160112 is divided by 484.
392
Calculate the remainder when 24672982 is divided by 1802.
1800
Calculate the remainder when 39738863 is divided by 73.
72
What is the remainder when 24418 is divided by 940?
918
Calculate the remainder when 961457 is divided by 104.
81
Calculate the remainder when 5918685 is divided by 798.
717
What is the remainder when 635283 is divided by 317634?
15
Calculate the remainder when 24671626 is divided by 5884.
14
Calculate the remainder when 1507495588 is divided by 465.
463
Calculate the remainder when 7251622 is divided by 9